6*p - 3. Let r be (-24)/(-3) + -1 + 0. List the prime factors of z(r).
3, 13
Let p = 1453 + -847. List the prime factors of p.
2, 3, 101
Let i(x) be the second derivative of 1/12*x**4 - 4/3*x**3 + 0 + 9/2*x**2 + 2*x. What are the prime factors of i(7)?
2
Suppose -2*y = -5*y + 2712. What are the prime factors of y?
2, 113
Suppose 3*z - v = 2741, 4*z - 585 = -4*v + 3043. List the prime factors of z.
2, 3, 19
Let s = -10 - -35. Let a be ((-14)/10)/((-5)/s). Let m = a - -12. What are the prime factors of m?
19
Let v = -2911 + 5130. What are the prime factors of v?
7, 317
Suppose 0 = -3*u - 1 + 7. Suppose -u*g + 2*k = -12 - 10, 3*g - 5*k - 43 = 0. Suppose -4*r + 20 = 0, r - 3*r = -4*v + g. List the prime factors of v.
2
Let q(o) be the second derivative of -o**5/20 - o**4/12 + 2*o**3/3 - 2*o**2 + 6*o. List the prime factors of q(-4).
2, 7
Suppose 0 = 2*j + k - 2557, 6218 - 1129 = 4*j - 3*k. What are the prime factors of j?
2, 11, 29
Suppose w = -3, -k - 27 = -0*k + 5*w. Let g = k - -52. Suppose 4*v - g = 2*l, -2*v = -3*v - l + 4. What are the prime factors of v?
2
List the prime factors of 39/(-2)*(-228)/18.
13, 19
Let t be ((-4)/14 + 6/21)/(-2). Suppose t = -2*l + 7*l - 60. List the prime factors of l.
2, 3
Suppose 0 = 9*w - 6*w - 9. Suppose 4*v - w*v = -5*g - 16, 3*g = -12. List the prime factors of v.
2
Suppose 15 - 5 = 5*j. Let u(d) = 46*d**2 + 5*d - 6. List the prime factors of u(j).
2, 47
Let n = 30 - 25. Suppose -n*f = -f - 76. List the prime factors of f.
19
Suppose 3*v + 756 = -3*y, 3*y + 169 = -2*v - 583. Let l = -174 - y. List the prime factors of l.
2, 37
Suppose -5*y + 6 = -19. Suppose 0 = q - y*m + 22, m = 2*q - 0*m - 1. List the prime factors of 90/q - (3 + -1).
2, 7
Let n = 35 - 39. What are the prime factors of (2 - n)*(-75)/(-6)?
3, 5
Suppose 3*j - 15 = 3*f, 4*j = 2*f + 29 - 11. Let k be 145/j - (-3)/(-12). Let o = -11 + k. What are the prime factors of o?
5
Suppose -3*h = 5*a - 7322, -4903 = -2*h + 12*a - 11*a. What are the prime factors of h?
31, 79
Let d(j) = -61*j + 1. Let s(p) = p**3 + 5*p**2 + 4*p - 1. Let i be s(-4). List the prime factors of d(i).
2, 31
Let p be -1 + -71 + (-21)/7. Suppose 3*h + 210 = -2*h. Let b = h - p. List the prime factors of b.
3, 11
Suppose -5*a - 11 = 3*k, -2*a = -3*k - 0*a - 4. Suppose -4*v - j + 4 = 0, j = -5*v - j + 5. List the prime factors of (0 - 19)/(k + v).
19
Let n(r) = 4*r - 4. Let c be n(2). List the prime factors of (-5)/(5/(-12)) + c.
2
Suppose 0 = 11*x - 6042 - 3880. What are the prime factors of x?
2, 11, 41
Suppose 40*h = 52*h - 24552. List the prime factors of h.
2, 3, 11, 31
Let w = -295 - -169. Let a = w - -178. List the prime factors of a.
2, 13
Let t(o) be the first derivative of o**3 + 4*o + 10. What are the prime factors of t(-5)?
79
Suppose -18*l + 20*l - 260 = 0. Let n = 242 - l. List the prime factors of n.
2, 7
Let m(v) = 14*v**2 - 2*v - 2. Let z be m(2). Let l be (0 - -8) + (-6 - -5) + -3. Suppose -l*j = j - z. What are the prime factors of j?
2, 5
Let d(y) = y**3 - 13*y**2 - 13*y - 14. Let v be d(14). Suppose v*g = -5*g + s + 131, -4*g + 106 = -2*s. What are the prime factors of g?
2, 13
Let b = 951 + -324. List the prime factors of b.
3, 11, 19
Let y be (1 + 14/(-10))*-5. Let i = -197 + 208. Suppose 4*p - y*p = -o + i, 3*o - p = 47. List the prime factors of o.
3, 5
Suppose 4*x = 2*j + 2, -5*j - 83 = 3*x - 13. What are the prime factors of (8 - j)/(2 + -1)?
19
Let c = 10 - 5. Suppose -5 = c*u, r + r = -3*u + 5. Suppose r*i - 5*i = -21. What are the prime factors of i?
3, 7
Suppose -5*b - 18 = 4*g - 3*g, -4*g + 4*b = 24. Let o(n) = -n**3 - 6*n**2 + 11*n - 12. List the prime factors of o(g).
2, 7
Suppose 7*w = 3*w + 8. Suppose p = c - 56, -w*c + 0*p + p = -114. What are the prime factors of c?
2, 29
Let k = 114 - 63. Let n = k + -25. List the prime factors of n.
2, 13
Let y(u) = -u**2 - 31*u + 6. Let z be y(-15). Let i = z - 132. List the prime factors of i.
2, 3, 19
Suppose -5*l - 88 + 343 = 0. Let h = l + -31. Suppose a + 5 = h. List the prime factors of a.
3, 5
Suppose -41*b - 260364 = -93*b. What are the prime factors of b?
3, 1669
Let r(w) = -2 - 5 - 4 + 3 - w. Let g be r(-4). Let x(f) = -f**2 - 6*f - 6. List the prime factors of x(g).
2
Let d = -742 + 807. What are the prime factors of d?
5, 13
Let s be (-16)/(-3) + (-8)/6. Let d(y) = -1 + y**3 + 2 - 5*y - 2*y**2 + 0. What are the prime factors of d(s)?
13
Let d(z) = -z + 48. List the prime factors of d(-7).
5, 11
Suppose 141*f = 150*f - 1584. List the prime factors of f.
2, 11
Let k(y) = 5*y**2 - 4*y**2 + 2*y**2 - 10 - 6*y. Suppose -5*b = 4*g + 11, 0 = -4*g + 5*g - 3*b + 7. List the prime factors of k(g).
2, 31
Suppose -5*a = 15, 4*p + 5*a = 8*p - 23. Suppose 3*i = -p*i + 2*v + 44, -i = 3*v - 19. Let y = 26 - i. What are the prime factors of y?
2
Let q(n) = -3*n. Let s be q(0). Suppose s = -2*a + 6 - 16. What are the prime factors of (-166)/a + (-6)/30?
3, 11
Let g(q) = q**2 + 22*q - 61. Suppose 0 = -d - 48 + 16. What are the prime factors of g(d)?
7, 37
Let g(j) = 205*j + 41. What are the prime factors of g(4)?
3, 7, 41
Suppose 1 = -9*j + 55. Let o(q) = q**2 + 6*q - 13. List the prime factors of o(j).
59
Let p = 5 - 5. Suppose p = 2*n - 8 - 2. Suppose -3*r - n*u + 100 = 2*r, -3*u - 73 = -4*r. What are the prime factors of r?
19
Let t(q) = -113*q - 635. List the prime factors of t(-19).
2, 3, 7
Let n = 12 + -12. Suppose 2*g + g - 9 = n. Let w(y) = -y**3 + 7*y**2 - 2*y + 1. What are the prime factors of w(g)?
31
Suppose -2*g = -5*g, -5*h + 20 = 3*g. Suppose 0 = h*c - 75 - 53. Let k = 51 - c. List the prime factors of k.
19
Let b be ((-785)/(-10) - 5)/((-2)/(-12)). Let i = -269 + b. List the prime factors of i.
2, 43
Let m be (4*-1 + 8 + 2)/1. List the prime factors of ((-14)/4)/(m/4)*-39.
7, 13
Let o = 416 - -127. What are the prime factors of o?
3, 181
Let y(w) = 389*w - 66. List the prime factors of y(2).
2, 89
Let j(r) = r**3 - 10*r**2 + 17*r - 9. Suppose 142 - 32 = 11*o. What are the prime factors of j(o)?
7, 23
What are the prime factors of 18/(-162) + (-14653)/(-9)?
2, 11, 37
List the prime factors of 15513/21 + -11 + (-2)/(-7).
2, 7, 13
Suppose 0 = -0*d + 3*d + a - 1801, 0 = -d - 4*a + 604. What are the prime factors of d?
2, 3, 5
Let h = -1093 + 2407. What are the prime factors of h?
2, 3, 73
Let m = -2 + 4. Let h(n) = 14*n**3 + n + 0*n**2 + m*n**2 - 36*n**3. What are the prime factors of h(-1)?
23
Let o = 22 - 23. List the prime factors of (o/(-3))/(4/444).
37
Let h(v) = v**2 + v - 3. Let k be h(2). Suppose 4*r - k*r - 7 = 0. List the prime factors of r.
7
Suppose 0 = -171*x + 177*x - 1644. What are the prime factors of x?
2, 137
Let o = 2120 + -757. What are the prime factors of o?
29, 47
Let n(z) = -28*z + 3. Let a(u) = -28*u + 4. Let h(v) = 5*a(v) - 6*n(v). Let o be h(2). Suppose 4*t = o + 22. What are the prime factors of t?
2, 5
Suppose -8*v + 38 = -10. Suppose 3*k - 2799 = -v*k. List the prime factors of k.
311
Let n = 103 - 103. Suppose n*o = 5*o - 550. List the prime factors of o.
2, 5, 11
Let i be (4 + -1 - 0) + 1. Suppose -g = -3*f + 171, -f - i*f = -4*g - 292. List the prime factors of f.
2, 7
Suppose 3*n + 678 = -3*k, -3*n + 306 + 378 = -3*k. Let t = -155 - k. What are the prime factors of t?
2, 3
Let s = -188 - 0. Let k = -64 - s. List the prime factors of k.
2, 31
Let t = -309 - -476. List the prime factors of t.
167
Let m = -2898 + 6808. What are the prime factors of m?
2, 5, 17, 23
Let y(w) = -6*w. Let d be y(-1). Let r = 22 + -8. Let n = d + r. What are the prime factors of n?
2, 5
What are the prime factors of (-116)/1218 - (-7060)/42?
2, 3, 7
Suppose 92*h + 14700 = 112*h. List the prime factors of h.
3, 5, 7
Let w(o) = o**2 - 25. Let n be w(-5). Suppose c = -n*c - k + 79, 0 = 3*c - 5*k - 253. List the prime factors of c.
3
Let p = 5815 - 3741. What are the prime factors of p/18 - (-4)/(-18)?
5, 23
Suppose -9*r + 5*r - 2*v = -4228, 0 = -3*r - 4*v + 3181. What are the prime factors of r?
5, 211
Suppose -h = 2*h + 2*q - 122, -5*h + 3*q = -197. Suppose -d + a + 0*a + 23 = 0, 0 = 2*d + 4*a - h. What are the prime factors of d?
2, 11
Suppose -5*g = 2*s - 802, 2*g + 13*s - 17*s = 340. What are the prime factors of g?
2, 3
Let l = -12 - -18. Let u(c) = -18*c - 14. Let h(n) = -17*n - 13. Let